{"id":118,"date":"2021-07-01T09:27:02","date_gmt":"2021-07-01T09:27:02","guid":{"rendered":"http:\/\/test.6vsk.lv\/?page_id=118"},"modified":"2025-11-05T10:13:46","modified_gmt":"2025-11-05T08:13:46","slug":"audzinasanas-darbs","status":"publish","type":"page","link":"https:\/\/6vsk.lv\/index.php\/audzinasanas-darbs\/","title":{"rendered":"Audzin\u0101\u0161anas darbs"},"content":{"rendered":"\n<p>Audzin\u0101\u0161anas darbs R\u0113zeknes 6. pamatskol\u0101 ir m\u0113r\u0137tiec\u012bgi organiz\u0113ts izgl\u012bt\u012bbas procesa neat\u0146emams sast\u0101velements, kas veicina izgl\u012btojamo person\u012bbas izaugsmi, v\u0113rt\u012bborient\u0113tu r\u012bc\u012bbu un pilsonisk\u0101s l\u012bdzdal\u012bbas att\u012bst\u012bbu. T\u0101 m\u0113r\u0137is ir veidot atbild\u012bgu, rado\u0161u un soci\u0101li akt\u012bvu person\u012bbu, kas sp\u0113j sadarboties, pie\u0146emt l\u0113mumus un sekm\u012bgi darboties sabiedr\u012bb\u0101.<br><br>Galven\u0101s priorit\u0101tes:<br><br><strong>1.Kvalitat\u012bvam\u0101c\u012b\u0161an\u0101s.<br><\/strong>M\u0113r\u0137is: Sekm\u0113t sistem\u0101tisku izgl\u012btojamo m\u0101c\u012b\u0161an\u0101s vajadz\u012bbu iev\u0113ro\u0161anu. M\u016bzikas izgl\u012bt\u012bbas integr\u0101cija ar visp\u0101r\u0113jo audzin\u0101\u0161anu.<br><br><strong>2. Pilsonisk\u0101 un patriotisk\u0101 audzin\u0101\u0161ana.<br><\/strong>M\u0113r\u0137is: Veicin\u0101t skol\u0113nu izpratni par patriotismu, t\u0101 noz\u012bmi un lomu sabiedr\u012bb\u0101. Att\u012bst\u012bt skol\u0113nos pieder\u012bbas saj\u016btu savai valstij, kopienai un skolai. Stiprin\u0101t skol\u0113nu cie\u0146u pret valsts v\u0113sturi un t\u0101s noz\u012bm\u012bgajiem notikumiem.<br><br><strong>3. Karjeras izgl\u012bt\u012bba.<\/strong><br>M\u0113r\u0137is: Att\u012bst\u012bt skol\u0113nu izpratni par karjeras iesp\u0113j\u0101m un izv\u0113li, pal\u012bdzot vi\u0146iem sagatavoties n\u0101kamajam izgl\u012bt\u012bbas posmam vai profesion\u0101lajai darb\u012bbai. Sekm\u0113t skol\u0113nu person\u012bg\u0101s un profesion\u0101l\u0101s izaugsmes pl\u0101no\u0161anu un l\u0113mumu pie\u0146em\u0161anu par izgl\u012bt\u012bbas turpin\u0101\u0161anu. Att\u012bst\u012bt skol\u0113nu soci\u0101l\u0101s prasmes, kas pal\u012bdz\u0113s veiksm\u012bgi iek\u013cauties darba tirg\u016b un veidot veiksm\u012bgu profesion\u0101lo dz\u012bvi.<br><br><strong>4. Emocion\u0101l\u0101 labb\u016bt\u012bba skol\u0101.<\/strong><br>M\u0113r\u0137i: Veidot skol\u0101 emocion\u0101li atbalsto\u0161u, pozit\u012bvu un harmonisku vidi, kas veicina skol\u0113nu emocion\u0101lo izaugsmi, \u0113tisku uzved\u012bbu, vesel\u012bgu dz\u012bvesveidu un soci\u0101li emocion\u0101lo prasmju pilnveidi, kas \u013cauj skol\u0113niem vispus\u012bgi att\u012bst\u012bties un veiksm\u012bgi m\u0101c\u012bties.<br>Veicin\u0101t skol\u0113nu, vi\u0146u vec\u0101ku un pedagogu akt\u012bvu un atbild\u012bgu iesaisti m\u0101c\u012bbu, audzin\u0101\u0161anas darb\u0101, sabiedriskaj\u0101 dz\u012bv\u0113 un kult\u016brvides veido\u0161an\u0101.<br>Pilnveidot audzin\u0101\u0161anas darbu izgl\u012bt\u012bbas proces\u0101, veicinot pedagogu kompetenci audzin\u0101\u0161anas darb\u0101 un skol\u0113nu visaptvero\u0161u izpratni par v\u0113rt\u012bb\u0101m un to noz\u012bmi person\u012bbas izaugsm\u0113.<\/p>\n\n\n\n<p>R\u0113zeknes 6. pamatskolas audzin\u0101\u0161anas darbs veicina izgl\u012btojamo pa\u0161izzi\u0146u, v\u0113rt\u012bborient\u0113tu att\u012bst\u012bbu un atbild\u012bgu l\u012bdzdal\u012bbu skolas, pils\u0113tas un valsts dz\u012bv\u0113, stiprinot katra izgl\u012btojam\u0101 pieder\u012bbas saj\u016btu un motiv\u0101ciju pilnveidoties.dzdarbojas sabiedr\u012bbas noris\u0113s un uz\u0146emas iniciat\u012bvu, ir Latvijas patriots.<\/p>\n\n\n\n<p><strong><a href=\"http:\/\/6vsk.lv\/wp-content\/uploads\/2025\/10\/kl.audz_.saraksts-2025-2026.pdf\" target=\"_blank\" rel=\"noreferrer noopener\">Klases audzin\u0101t\u0101ju saraksts<\/a><\/strong><\/p>\n\n\n\n<p><strong><a href=\"http:\/\/6vsk.lv\/wp-content\/uploads\/2025\/11\/Audzinasanas-darba-plans-2025_-2026.pdf\">Audzin\u0101\u0161anas darba pl\u0101ns<\/a><\/strong> <\/p>\n\n\n\n<p><\/p>\n","protected":false},"excerpt":{"rendered":"<p>Audzin\u0101\u0161anas darbs R\u0113zeknes 6. pamatskol\u0101 ir m\u0113r\u0137tiec\u012bgi organiz\u0113ts izgl\u012bt\u012bbas procesa neat\u0146emams sast\u0101velements, kas veicina izgl\u012btojamo person\u012bbas izaugsmi, v\u0113rt\u012bborient\u0113tu r\u012bc\u012bbu un pilsonisk\u0101s l\u012bdzdal\u012bbas att\u012bst\u012bbu. T\u0101 m\u0113r\u0137is ir veidot atbild\u012bgu, rado\u0161u un soci\u0101li akt\u012bvu person\u012bbu, kas sp\u0113j sadarboties, pie\u0146emt l\u0113mumus un sekm\u012bgi <span class=\"readmore\"><a href=\"https:\/\/6vsk.lv\/index.php\/audzinasanas-darbs\/\">Continue Reading<\/a><\/span><\/p>\n","protected":false},"author":1,"featured_media":0,"parent":0,"menu_order":0,"comment_status":"closed","ping_status":"closed","template":"","meta":{"footnotes":""},"class_list":["post-118","page","type-page","status-publish","hentry"],"_links":{"self":[{"href":"https:\/\/6vsk.lv\/index.php\/wp-json\/wp\/v2\/pages\/118","targetHints":{"allow":["GET"]}}],"collection":[{"href":"https:\/\/6vsk.lv\/index.php\/wp-json\/wp\/v2\/pages"}],"about":[{"href":"https:\/\/6vsk.lv\/index.php\/wp-json\/wp\/v2\/types\/page"}],"author":[{"embeddable":true,"href":"https:\/\/6vsk.lv\/index.php\/wp-json\/wp\/v2\/users\/1"}],"replies":[{"embeddable":true,"href":"https:\/\/6vsk.lv\/index.php\/wp-json\/wp\/v2\/comments?post=118"}],"version-history":[{"count":22,"href":"https:\/\/6vsk.lv\/index.php\/wp-json\/wp\/v2\/pages\/118\/revisions"}],"predecessor-version":[{"id":2395,"href":"https:\/\/6vsk.lv\/index.php\/wp-json\/wp\/v2\/pages\/118\/revisions\/2395"}],"wp:attachment":[{"href":"https:\/\/6vsk.lv\/index.php\/wp-json\/wp\/v2\/media?parent=118"}],"curies":[{"name":"wp","href":"https:\/\/api.w.org\/{rel}","templated":true}]}}