{"id":2210,"date":"2025-09-24T14:55:39","date_gmt":"2025-09-24T11:55:39","guid":{"rendered":"http:\/\/6vsk.lv\/?page_id=2210"},"modified":"2026-03-19T09:21:23","modified_gmt":"2026-03-19T07:21:23","slug":"esf-projekts-stem-un-pilsoniskas-lidzdalibas-norises-plasakai-izglitibas-pieredzei-un-karjeras-izvelei","status":"publish","type":"page","link":"https:\/\/6vsk.lv\/index.php\/esf-projekts-stem-un-pilsoniskas-lidzdalibas-norises-plasakai-izglitibas-pieredzei-un-karjeras-izvelei\/","title":{"rendered":""},"content":{"rendered":"\n<p class=\"has-text-align-center\"><strong>ESF projekts \u201cSTEM un pilsonisk\u0101s l\u012bdzdal\u012bbas norises pla\u0161\u0101kai izgl\u012bt\u012bbas pieredzei un karjeras izv\u0113lei\u201d<\/strong><\/p>\n\n\n<div class=\"wp-block-image\">\n<figure class=\"aligncenter size-large is-resized\"><img loading=\"lazy\" decoding=\"async\" width=\"1024\" height=\"587\" src=\"http:\/\/6vsk.lv\/wp-content\/uploads\/2025\/09\/Picture1-1024x587.png\" alt=\"\" class=\"wp-image-2218\" style=\"width:520px;height:auto\" srcset=\"https:\/\/6vsk.lv\/wp-content\/uploads\/2025\/09\/Picture1-1024x587.png 1024w, https:\/\/6vsk.lv\/wp-content\/uploads\/2025\/09\/Picture1-300x172.png 300w, https:\/\/6vsk.lv\/wp-content\/uploads\/2025\/09\/Picture1-768x440.png 768w, https:\/\/6vsk.lv\/wp-content\/uploads\/2025\/09\/Picture1.png 1118w\" sizes=\"auto, (max-width: 1024px) 100vw, 1024px\" \/><\/figure><\/div>\n\n\n<p><a href=\"http:\/\/6vsk.lv\/wp-content\/uploads\/2025\/11\/stem.pdf\" target=\"_blank\" rel=\"noreferrer noopener\">P\u0100RSKATS<\/a> (<a href=\"http:\/\/6vsk.lv\/wp-content\/uploads\/2026\/01\/stem-2-atSkaite-novembris.pdf\" target=\"_blank\" rel=\"noreferrer noopener\">novembris<\/a>, <a href=\"http:\/\/6vsk.lv\/wp-content\/uploads\/2026\/03\/februaris-stem.pdf\" target=\"_blank\" rel=\"noreferrer noopener\">febru\u0101ris<\/a>)<\/p>\n\n\n\n<p>R\u0113zeknes 6.pamatskola no \u0161\u012b gada&nbsp;<strong>1. septembra<\/strong>&nbsp;iesaist\u012bjusies Valsts izgl\u012bt\u012bbas att\u012bst\u012bbas a\u0123ent\u016bras (VIAA) \u012bstenotaj\u0101 &nbsp;projekt\u0101 \u201c<strong>STEM un pilsonisk\u0101s l\u012bdzdal\u012bbas norises pla\u0161\u0101kai izgl\u012bt\u012bbas pieredzei un karjeras izv\u0113lei\u201d,<\/strong>&nbsp;kura m\u0113r\u0137is ir da\u017e\u0101dot m\u0101c\u012bbu pieredzi, stiprin\u0101t zin\u0101\u0161anu sasaisti ar re\u0101lo dz\u012bvi un veicin\u0101t skol\u0113nu izpratni par darba tirgus pras\u012bb\u0101m.<\/p>\n\n\n\n<p>Projekt\u0101 iesaist\u012btie zin\u0101tnes centri, uz\u0146\u0113mumi un biedr\u012bbas pied\u0101v\u0101s kvalitat\u012bvas aktivit\u0101tes, balst\u012btas izgl\u012bt\u012bbas programm\u0101s noteiktajos sasniedzamajos rezult\u0101tos. Tas noz\u012bm\u0113, ka b\u0113rni un jaunie\u0161i ne tikai g\u016bs aizraujo\u0161u pieredzi \u0101rpus skolas, bet ar\u012b att\u012bst\u012bs zin\u0101\u0161anas un prasmes, kas nepiecie\u0161amas m\u0101c\u012bbu proces\u0101 un turpm\u0101kaj\u0101s karjeras izv\u0113l\u0113s.<\/p>\n\n\n\n<p>Jau 2025.\/2026 m\u0101c\u012bbu gad\u0101 katram skol\u0113nam paredz\u0113ts finans\u0113jums divu \u0161\u0101du nori\u0161u apmekl\u0113jumam.<\/p>\n\n\n\n<p>Nori\u0161u katalogs ir pieejams&nbsp;<a href=\"https:\/\/www.viaa.gov.lv\/lv\/stem-un-pilsoniska-lidzdaliba\" target=\"_blank\" rel=\"noreferrer noopener\">VIAA m\u0101jaslap\u0101<\/a>&nbsp;no \u0161\u012b gada 26. augusta, un tas tiks papildin\u0101ts 2025.\/2026. m\u0101c\u012bbu gada pirm\u0101 semestra beig\u0101s.<\/p>\n\n\n\n<p><em>Par projektu<\/em><\/p>\n\n\n\n<p><em>Projektu \u201cSTEM un pilsonisk\u0101s l\u012bdzdal\u012bbas norises pla\u0161\u0101kai izgl\u012bt\u012bbas pieredzei un karjeras izv\u0113lei\u201d VIAA \u012bstenos l\u012bdz 2028. gada 31. augustam, un to l\u012bdzfinans\u0113 Eiropas Soci\u0101lais fonds Plus.<\/em><\/p>\n\n\n\n<p><a href=\"https:\/\/www.viaa.gov.lv\/lv\/jaunums\/stem-un-pilsoniskas-lidzdalibas-skolas-soma-jaunas-iespejas-skoleniem-visa-latvija\">STEM un pilsonisk\u0101s l\u012bdzdal\u012bbas skolas soma \u2013 jaunas iesp\u0113jas skol\u0113niem vis\u0101 Latvij\u0101 | Valsts izgl\u012bt\u012bbas att\u012bst\u012bbas a\u0123ent\u016bra<\/a><\/p>\n\n\n\n<figure class=\"wp-block-image size-full\"><img loading=\"lazy\" decoding=\"async\" width=\"200\" height=\"86\" src=\"http:\/\/6vsk.lv\/wp-content\/uploads\/2025\/09\/image.jpeg\" alt=\"\" class=\"wp-image-2216\"\/><\/figure>\n","protected":false},"excerpt":{"rendered":"<p>ESF projekts \u201cSTEM un pilsonisk\u0101s l\u012bdzdal\u012bbas norises pla\u0161\u0101kai izgl\u012bt\u012bbas pieredzei un karjeras izv\u0113lei\u201d P\u0100RSKATS (novembris, febru\u0101ris) R\u0113zeknes 6.pamatskola no \u0161\u012b gada&nbsp;1. septembra&nbsp;iesaist\u012bjusies Valsts izgl\u012bt\u012bbas att\u012bst\u012bbas a\u0123ent\u016bras (VIAA) \u012bstenotaj\u0101 &nbsp;projekt\u0101 \u201cSTEM un pilsonisk\u0101s l\u012bdzdal\u012bbas norises pla\u0161\u0101kai izgl\u012bt\u012bbas pieredzei un karjeras izv\u0113lei\u201d,&nbsp;kura <span class=\"readmore\"><a href=\"https:\/\/6vsk.lv\/index.php\/esf-projekts-stem-un-pilsoniskas-lidzdalibas-norises-plasakai-izglitibas-pieredzei-un-karjeras-izvelei\/\">Continue Reading<\/a><\/span><\/p>\n","protected":false},"author":1,"featured_media":0,"parent":0,"menu_order":0,"comment_status":"closed","ping_status":"closed","template":"","meta":{"footnotes":""},"class_list":["post-2210","page","type-page","status-publish","hentry"],"_links":{"self":[{"href":"https:\/\/6vsk.lv\/index.php\/wp-json\/wp\/v2\/pages\/2210","targetHints":{"allow":["GET"]}}],"collection":[{"href":"https:\/\/6vsk.lv\/index.php\/wp-json\/wp\/v2\/pages"}],"about":[{"href":"https:\/\/6vsk.lv\/index.php\/wp-json\/wp\/v2\/types\/page"}],"author":[{"embeddable":true,"href":"https:\/\/6vsk.lv\/index.php\/wp-json\/wp\/v2\/users\/1"}],"replies":[{"embeddable":true,"href":"https:\/\/6vsk.lv\/index.php\/wp-json\/wp\/v2\/comments?post=2210"}],"version-history":[{"count":8,"href":"https:\/\/6vsk.lv\/index.php\/wp-json\/wp\/v2\/pages\/2210\/revisions"}],"predecessor-version":[{"id":2771,"href":"https:\/\/6vsk.lv\/index.php\/wp-json\/wp\/v2\/pages\/2210\/revisions\/2771"}],"wp:attachment":[{"href":"https:\/\/6vsk.lv\/index.php\/wp-json\/wp\/v2\/media?parent=2210"}],"curies":[{"name":"wp","href":"https:\/\/api.w.org\/{rel}","templated":true}]}}