{"id":73,"date":"2021-07-01T08:43:51","date_gmt":"2021-07-01T08:43:51","guid":{"rendered":"http:\/\/test.6vsk.lv\/?page_id=73"},"modified":"2025-09-24T14:56:41","modified_gmt":"2025-09-24T11:56:41","slug":"atbalsts-izglitojamo-individualo-kompetencu-attistibai","status":"publish","type":"page","link":"https:\/\/6vsk.lv\/index.php\/atbalsts-izglitojamo-individualo-kompetencu-attistibai\/","title":{"rendered":"Atbalsts izgl\u012btojamo individu\u0101lo kompeten\u010du att\u012bst\u012bbai"},"content":{"rendered":"\n<p class=\"has-text-align-center\">2<strong>023.\/2024. m\u0101c\u012bbu gad\u0101 skola turpina dal\u012bbu ESF Projekt\u0101\u00a08.3.2.2\/16\/I\/001.&#8221;Atbalsts izgl\u012btojamo individu\u0101lo kompeten\u010du att\u012bst\u012bbai&#8221;.<\/strong><\/p>\n\n\n\n<p class=\"has-text-align-left\"><br>Izgl\u012btojamiem ir iesp\u0113ja sa\u0146emt atbalstu \u0161\u0101d\u0101s programm\u0101s:<br><em>Pedagoga pal\u012bgs\/otrais pedagogs-2.,3.kla\u0161u izgl\u012btojamie;&nbsp;<br>Pedagoga pal\u012bgs\/otrais pedagogs (LAT) -1., 4., 7.kla\u0161u izgl\u012btojamie;<br>Talantu programma STEM un vides jom\u0101 un Multidisciplin\u0101raj\u0101 jom\u0101, kas dom\u0101ta 5.-9.kla\u0161u izgl\u012btojamajiem.&nbsp;<\/em><\/p>\n\n\n<div class=\"wp-block-image\">\n<figure class=\"aligncenter size-full\"><img loading=\"lazy\" decoding=\"async\" width=\"459\" height=\"200\" src=\"http:\/\/6vsk.lv\/wp-content\/uploads\/2021\/11\/ind.png\" alt=\"\" class=\"wp-image-373\" srcset=\"https:\/\/6vsk.lv\/wp-content\/uploads\/2021\/11\/ind.png 459w, https:\/\/6vsk.lv\/wp-content\/uploads\/2021\/11\/ind-300x131.png 300w\" sizes=\"auto, (max-width: 459px) 100vw, 459px\" \/><\/figure><\/div>","protected":false},"excerpt":{"rendered":"<p>2023.\/2024. m\u0101c\u012bbu gad\u0101 skola turpina dal\u012bbu ESF Projekt\u0101\u00a08.3.2.2\/16\/I\/001.&#8221;Atbalsts izgl\u012btojamo individu\u0101lo kompeten\u010du att\u012bst\u012bbai&#8221;. Izgl\u012btojamiem ir iesp\u0113ja sa\u0146emt atbalstu \u0161\u0101d\u0101s programm\u0101s:Pedagoga pal\u012bgs\/otrais pedagogs-2.,3.kla\u0161u izgl\u012btojamie;&nbsp;Pedagoga pal\u012bgs\/otrais pedagogs (LAT) -1., 4., 7.kla\u0161u izgl\u012btojamie;Talantu programma STEM un vides jom\u0101 un Multidisciplin\u0101raj\u0101 jom\u0101, kas dom\u0101ta 5.-9.kla\u0161u <span class=\"readmore\"><a href=\"https:\/\/6vsk.lv\/index.php\/atbalsts-izglitojamo-individualo-kompetencu-attistibai\/\">Continue Reading<\/a><\/span><\/p>\n","protected":false},"author":1,"featured_media":0,"parent":0,"menu_order":0,"comment_status":"closed","ping_status":"closed","template":"","meta":{"footnotes":""},"class_list":["post-73","page","type-page","status-publish","hentry"],"_links":{"self":[{"href":"https:\/\/6vsk.lv\/index.php\/wp-json\/wp\/v2\/pages\/73","targetHints":{"allow":["GET"]}}],"collection":[{"href":"https:\/\/6vsk.lv\/index.php\/wp-json\/wp\/v2\/pages"}],"about":[{"href":"https:\/\/6vsk.lv\/index.php\/wp-json\/wp\/v2\/types\/page"}],"author":[{"embeddable":true,"href":"https:\/\/6vsk.lv\/index.php\/wp-json\/wp\/v2\/users\/1"}],"replies":[{"embeddable":true,"href":"https:\/\/6vsk.lv\/index.php\/wp-json\/wp\/v2\/comments?post=73"}],"version-history":[{"count":8,"href":"https:\/\/6vsk.lv\/index.php\/wp-json\/wp\/v2\/pages\/73\/revisions"}],"predecessor-version":[{"id":1640,"href":"https:\/\/6vsk.lv\/index.php\/wp-json\/wp\/v2\/pages\/73\/revisions\/1640"}],"wp:attachment":[{"href":"https:\/\/6vsk.lv\/index.php\/wp-json\/wp\/v2\/media?parent=73"}],"curies":[{"name":"wp","href":"https:\/\/api.w.org\/{rel}","templated":true}]}}